). Is d(4) a composite number?
True
Let i(m) = -78109*m - 378. Is i(-3) prime?
False
Let z be (-1)/(-2) - (-23)/2. Suppose 0 = -10*u + 5*u - 2*l + 106189, 0 = 4*l + z. Is u a composite number?
True
Let a be 70/(-9) + 4/(-18). Let j(z) be the first derivative of -67*z**2 - 33*z + 4566. Is j(a) a composite number?
False
Let m be 4/(-22) + (-85230)/(-11). Suppose -2*v + b = -14559, -2*v + m + 6807 = 3*b. Is v a prime number?
False
Suppose 25*x + 1478978 = 6621553. Is x prime?
True
Suppose 2*z - 1487722 = -351*q + 347*q, z - 743891 = 4*q. Is z prime?
False
Let i = -9090 - -78967. Is i a prime number?
True
Let n(s) = -5*s**3 + 11*s**2 + 104*s + 63. Is n(-55) prime?
True
Let w(m) be the third derivative of -m**6/120 - m**5/5 - 2*m**4/3 + 47*m**3/6 - 31*m**2. Is w(-12) composite?
False
Let k = -228 - -228. Suppose -2*q = -g + 2665, -g + k*q + 2674 = q. Is g prime?
True
Let a(p) = 6*p**2 + 5*p - 360. Is a(-119) a prime number?
True
Suppose 23*n + 21*n = -1980. Suppose -6*j - 6180 = -j. Let l = n - j. Is l prime?
False
Suppose -22*y + 798229 = 164475. Is y prime?
True
Suppose 2*r = -2*s + 65384, -5*s + 98055 = -2*s - 4*r. Is s a prime number?
False
Let a be (-8)/(-10) + (-324)/(-45). Suppose -4*c = -a*c + 23108. Suppose 4*g - 5769 = -5*w, -3*g + c = 5*w - g. Is w prime?
False
Let a(w) = 43372*w + 181. Is a(1) prime?
False
Suppose -3*l + 80538 = -x + 735236, -4*l - 3273391 = -5*x. Is x a composite number?
False
Suppose -5*a - p + 332 = 0, a - 72 = 4*p - 7*p. Suppose 0 = -5*u + 40563 + 1287. Is (-4)/(-22) + u/a composite?
False
Suppose c - 23 = -2*y, 37 = 5*y + c - 28. Is 15/10*-4127*y/(-21) composite?
False
Suppose -12*l + 9*l + 45 = -4*g, -2*l = -g - 30. Suppose -l*j = 14*j - 233015. Is j a prime number?
False
Suppose 22*t = -3560 - 5394. Let u = 753 + t. Is u a composite number?
True
Let d(n) = 149*n**2 + 7*n - 3. Let m be d(-6). Let i = 23823 - 2140. Suppose -4*f = -i + m. Is f composite?
False
Let k(c) = 4*c**2 + 9*c + 5. Let h(w) = w**2. Let o(m) = h(m) - k(m). Let b be o(-2). Let a(f) = 386*f + 5. Is a(b) composite?
True
Let r be (-25 + -1)*(-5)/5. Suppose 0 = -24*m + r*m - 1048. Suppose 4*b - 4201 = -5*l + m, -5*b = l - 924. Is l a prime number?
False
Suppose -144*j = -146*j + o + 796075, o = j - 398033. Is j a composite number?
True
Is 201860 - ((-284)/20 + 14 - (-28)/(-10)) composite?
True
Let t(n) = 25*n - 115. Let l be t(5). Is 39/(-39) - -689*l prime?
False
Let x(q) = -q**2 - 8*q - 7. Let b be x(-6). Suppose 0*g - 3*f - 22 = -b*g, -4*g - 5*f = 12. Suppose 843 = -k + g*k. Is k a prime number?
False
Let m(h) = -667*h**2 + 4*h + 14. Let x be m(-4). Is x/(-2) + -65 + 73 prime?
False
Let r(x) = 350*x**2 + 52*x - 467. Is r(15) prime?
True
Let v = 14444 + -991. Is v a composite number?
True
Suppose 6*z - 10*z = -88. Suppose -z*s = -4*s - 6498. Is s composite?
True
Let q(d) = -d**3 - 13*d**2 - 13*d - 11. Let b be q(-12). Suppose -17 = 2*z + b. Is 3 + 30/z + 2152/3 composite?
True
Let o(r) be the third derivative of 113*r**5/60 - 2*r**4/3 - 13*r**3/3 + 3*r**2 + 23. Is o(-7) a prime number?
True
Suppose -z + 7887 = 4*z - 2*y, 2*y - 1587 = -z. Let k be z*(-2)/(-8)*(-1 + 5). Suppose k = -3*d + 7*d + i, 5*d - i - 1976 = 0. Is d composite?
True
Suppose -m - 9 = -3*m - 3*x, 4*x = 4*m - 8. Is 15/m - 11316/(-6) composite?
True
Let u = 3118 - 1404. Suppose 12*p - 15*p + 3843 = 0. Suppose u = h - p. Is h prime?
False
Let h(y) = 125*y - 48. Let z = -718 - -737. Is h(z) prime?
False
Let d(b) = -29*b - 68. Let l(f) = 7*f + 17. Let c(a) = -2*d(a) - 9*l(a). Let t be c(-9). Is (-3 + t/8)*1630 a prime number?
False
Let u(m) = 9*m - 115. Let g be u(16). Suppose -g*n + 32*n = 4521. Is n a composite number?
True
Suppose -3*k + k + t = -11, -5*k - 3*t = 0. Let c be 2 - (0/k)/3. Suppose 208 = 3*b - c*w - 163, 2*w - 10 = 0. Is b prime?
True
Suppose -m + 4 = 1. Suppose 8*n - 15 = m*n. Suppose -n*f + 5*y = -158, -2*y + 176 = -0*f + 4*f. Is f a prime number?
False
Let c = -17 + 16. Let l be (-11975)/(-10) + c/(-2) - 2. Let m = l + -529. Is m a composite number?
True
Let y(h) = 3 - 11*h - 2 + 6 - 2*h**2. Let r be y(-5). Is (4 + -403)*(-4)/r prime?
False
Suppose -4*h + 13*x - 16*x = -31738, -h + x + 7938 = 0. Let g = h + -4675. Is g composite?
True
Suppose 5*z + 60 = 5*v - 2*v, -2*z - 2*v - 8 = 0. Let c(p) = -553*p - 116. Is c(z) a prime number?
True
Let s(q) = -q**2 + 25*q + 25. Let w be s(26). Let r(t) = -5*t - 1. Let u be r(w). Suppose 10*o = 5*o, -4*n = -u*o - 1196. Is n prime?
False
Is (244002/18)/((-40)/15 - -3) a prime number?
False
Suppose 60124 = -28*h + 30*h + 3*s, 5*h = -2*s + 150310. Is h a composite number?
True
Suppose 3*n + 3*f - 8274 = 68004, 3*n - 76279 = -2*f. Is n prime?
False
Suppose 5*u - 8*u = -2*n - 41593, -2*n - 27732 = -2*u. Is u composite?
True
Suppose -407*m = 412*m - 816*m - 188511. Is m a composite number?
True
Let m = 169452 + -38833. Is m prime?
True
Suppose 538 = 11*g - 199. Is (-66 + g)*2767/1 composite?
False
Let h = -4853 - -4855. Suppose v = 2*v - 1499. Suppose -5 = o - h, i = -5*o + v. Is i composite?
True
Suppose -773 = -4*t - 5*r, -207 = -t - 0*r - 4*r. Let c be t/(-3*1/6*-1). Suppose 2*i - 1067 = -3*w, 5*i - 4*w - c = 2351. Is i a composite number?
False
Is (2/5)/(12/47665)*6 a prime number?
True
Let n(m) = -m - 1. Let i(p) = -26*p - 23. Let k(j) = i(j) - 4*n(j). Let w be k(-12). Let z = w - 68. Is z a composite number?
True
Let g = -29 - -34. Suppose 0 = 2*q - g*w - 0 - 7, -q + 4*w = -11. Is (1641/q)/((-1)/3) composite?
False
Is 69543838/228 - (-2)/12 a prime number?
True
Let v = 406 - -327. Let q = v + -176. Is q a prime number?
True
Is (2/(-6))/(-1)*205419 a prime number?
True
Suppose -7 - 13 = -4*m. Let t(g) = 231*g - 29. Let f be t(m). Let h = f + -485. Is h a prime number?
True
Let p(d) = -454*d + 38. Let a be p(-21). Suppose 5*w - 17083 = a. Is w a prime number?
False
Let h(t) be the second derivative of -18*t**3 + 0 + 7/2*t**2 - 20*t. Is h(-6) composite?
True
Let t = -12 + 14. Let f(j) = 362*j - 8. Let p be f(t). Let c = p - 153. Is c a prime number?
True
Let l(r) = -84*r + 174553. Is l(0) a prime number?
False
Suppose z + 5*p + 12 = 0, 0 = -z + p - 2*p - 4. Is z - (-2*1)/((-2)/(-2393)) prime?
False
Let u = -196 - -192. Is 2015447/63 - u/(-18) composite?
False
Suppose 3*o - 3483 - 5371 = -u, 2*o + 4*u = 5916. Let h = o + 7981. Is h a prime number?
False
Let i be ((-6)/(-2))/(-1) - (-8 - -3). Suppose q = -i*q + 3*o + 6, -3*q = 5*o - 30. Suppose g = -q*g + 222. Is g composite?
False
Let u = 314 + 147. Let o be 1929 + (-2)/(6/(-9)). Let k = o - u. Is k a prime number?
True
Suppose 150035 - 1133609 = -18*p. Is p a composite number?
True
Let o(u) = -53*u + 5. Let s = -199 + 282. Let g = s + -85. Is o(g) a prime number?
False
Let j(p) be the third derivative of -p**5/60 + 3*p**4/4 + p**3/3 - 6*p**2. Let o be j(18). Suppose 3*c - 1793 = -o*h, -2*c + 5*c = 2*h - 1763. Is h composite?
True
Let a = -4 - -9. Let z be -3 + (6078 - (0 - -5)). Suppose -5*y + z = -f, a*y + f = 6*f + 6090. Is y composite?
False
Let a(t) = t**3 - 7*t**2 - 2. Let i be a(7). Is (i/(-3))/(8*5/18660) composite?
False
Let a(b) = 588*b**2 - 12*b. Let f be a(-2). Let t = -6 + 15. Is f + (5 - t) + -1 a composite number?
False
Let f(k) = 22 - 58*k + 3 - 18 + 34. Let u be f(-5). Let q = 547 + u. Is q a prime number?
False
Suppose 20*v - 1031260 = 8*v - 4*k, 2*k + 85943 = v. Is v a composite number?
True
Suppose 0 = -5*n + 9 - 69. Let t be 15054/n + 1/2. Let j = t + 2341. Is j a composite number?
False
Let n(a) = 442*a**2 + 7*a + 37. Let k be (-2 + (-8)/(-3))/((-1)/9). Is n(k) prime?
True
Is ((-427870)/(110/(-11)))/1 a prime number?
True
Suppose 0 = 5*f - 3 - 122. Let r(j) = -26 - 20*j + 31*j**2 + 67 - f. Is r(5) composite?
False
Let g be (3 + 28/16)/(4/592). Suppose 3*b - 12 = z + 2*z, 20 = -b - 5*z. Is (b + g/2)*2 a composite number?
True
Suppose -m + 939511 = 6*v, -10 = -19*v + 17*v. Is m composite?
True
Let c be (-3 - 1)/(3*5/(-30)). Suppose 2*v + 2*h - 10202 = 0, c*v + h = 10*v - 10196. Is v composite?
False
Suppose 6*y - 3*y = 1566. Let r = -25105 + 25574. Let k = y + r. Is k prime?
True
Suppose 2*n + 2*w + 15 = 5*w, 5*n = 3*w - 33. Is -1*-2518*(-9)/n composite?
True
Suppose b = 191*v - 188*v - 4808652, 3*v = 4*b + 4808679. Is v a composite number?
True
Suppose -3